 digit of r(3)?
4
Let l(i) = -i**3 + 9*i**2 - 10*i + 9. Let a be l(8). Let v = a + 11. Suppose -v*j + 66 = -j. What is the tens digit of j?
2
Suppose -5*q + 5*v + 45 = -1050, 2*q - v = 443. Suppose -4*k = -32 - q. What is the tens digit of k?
6
Let l = -325 + 338. What is the tens digit of l?
1
Suppose 5*x = -2*b + 7139, 7*x + 4*b = 4*x + 4289. What is the units digit of x?
7
Let k(u) = u**2 - 2*u + 7. Let p be 9/(7 + -4)*3. What is the tens digit of k(p)?
7
Let z(w) = -w**3 - 9*w**2 + 11*w + 10. Let f be z(-10). Let a(i) = -41*i**3 - i. Let g be a(-1). Suppose f = l - 4*l + g. What is the tens digit of l?
1
Suppose -43 = 4*c + 17. Let r = c + -31. Let t = r + 71. What is the tens digit of t?
2
Let v(m) = -2*m**3 + 28*m**2 + 3*m + 13. Suppose -61 - 23 = -6*c. What is the units digit of v(c)?
5
Suppose 0 = -4*u - 37 - 55. Let y = 21 + u. What is the tens digit of (10 + 0)/((-1)/y)?
2
Let b = -20 + 88. Suppose m + m - b = 0. Let o = -12 + m. What is the tens digit of o?
2
Let v be (-56)/18 - 13/(-117). What is the hundreds digit of (4 + 17/(-3))*29*v?
1
Let p be (-5 + 7)/(2/220). Suppose -g = 4*g - p. Suppose 0 = f - 5*f + g. What is the tens digit of f?
1
Suppose 0 = -12*u - 763 - 389. Let z = u + 108. What is the units digit of z?
2
Let p(d) = 12*d**3 - 12*d**2 + 20*d. What is the units digit of p(7)?
8
Let c(h) = 18*h**2 + 4*h + 93. What is the thousands digit of c(-13)?
3
Let b be 591/4 - (-1)/4. Suppose -6*y = -2*y - b. What is the units digit of y?
7
Suppose -5*b + 3 = -2*b. Let q be -1 + (1 - 0/1). What is the units digit of (1 + q)*b - -9?
0
Let h = 44 + 6. Let t = 113 - h. What is the units digit of (t/14)/((-1)/(-2))?
9
Let b(w) = w**3 - 13*w**2 - w + 18. Let z be b(13). Let a = z + 17. What is the units digit of a?
2
Let t be 13/3 + 12/18. Suppose b = d - 2*d - 8, d - 4 = t*b. Let l = d + 54. What is the units digit of l?
8
Suppose 0*o + 2*o - 14 = 0. Let p = o + -7. Suppose 4*k - 9 - 11 = p. What is the units digit of k?
5
Suppose 0 = -3*w - 26 - 37. Let b be (-66)/w - 1/7. Suppose -b*q + 36 = i, 3*i + 2*q + 3*q - 88 = 0. What is the units digit of i?
1
Suppose -i = -18*i + 12971. What is the units digit of i?
3
What is the units digit of 37136/12 - -1 - 19/(-57)?
6
Let q be -15*(29/(-5) + 4). Suppose -4*d + 111 - q = 0. What is the tens digit of d?
2
Let f(d) = 5*d + 2. Let v be f(-5). Let j = v - -21. Let g(o) = -20*o + 4. What is the tens digit of g(j)?
4
Let n(h) = h**2 - 5*h - 10. Let d be n(7). Suppose -8*k + 14*k - 24 = 0. Suppose -3*f = k*u - 43, d*u + 2*f = -2*f + 48. What is the units digit of u?
7
Let g = 21 - 2. What is the units digit of g?
9
Let v(r) = 8*r - 44. Let b be v(22). Suppose 3*z - b = -3*z. What is the units digit of z?
2
Let t(y) = -51*y + 2. Let i be (-14)/10 - 10/(-25). Let r be t(i). Suppose -4*j = 3*v + v - 212, v - 3*j - r = 0. What is the tens digit of v?
5
Suppose -x + 6*x - 125 = 0. What is the units digit of 3*(x/(-3))/(-5)?
5
Let b be (-871)/(-11) - 32/176. Let n = b + -51. What is the tens digit of n?
2
Let w(z) = -862*z + 36. What is the thousands digit of w(-2)?
1
Let b(m) be the third derivative of -m**5/60 - 2*m**4/3 - 8*m**3/3 + 27*m**2. Let h be (6/12)/(2/(-44)). What is the units digit of b(h)?
9
Let m(a) = -a**3 + a**2 + 3*a - 2. Let d be m(2). Suppose 5*k - 38 - 12 = d. Let w(g) = 4*g - 13. What is the units digit of w(k)?
7
Let z(v) be the third derivative of 3*v**4/8 + v**3/3 + v**2. Let t be z(2). What is the units digit of (-5)/t*(0 - 4)?
1
Suppose 2*b - 2*u = 1154, -u + 547 = b + 4*u. What is the tens digit of b?
7
Let i = -44 + 54. Suppose i*o - 140 = 1000. What is the tens digit of o?
1
Let p(u) = u - 2. Suppose 0 = -3*q - 3*s + 21, s - 15 + 0 = -5*q. Suppose c - 20 = -q*a, -3*c = -c. What is the units digit of p(a)?
8
Let r = 2 + 67. What is the units digit of -8 + r - (1 - 1)?
1
Suppose -4*u = l + 9, 0 = 3*l + l + 4. What is the units digit of (3 + u)/((-5)/(-260))?
2
Suppose -5*u + 100 = m, 11*m + 79 = 12*m - 2*u. What is the tens digit of m?
8
Let l(o) = 120*o - 321. What is the thousands digit of l(14)?
1
Let f = 77 + -60. Suppose 50 = -16*z + f*z. What is the units digit of z?
0
Let s be 15/(-10) - 183/(-2). Let x be 57 + 0/((-3)/(-1)). Let b = s - x. What is the tens digit of b?
3
What is the units digit of 52/78*927/2?
9
Let m(y) = 9*y**2 - 10*y + 7. Let r be m(7). Suppose 4*i = 7*i - r. What is the tens digit of i?
2
Let f(t) = 9*t**2 + 13*t - 4. Let k be f(-6). Suppose 2*u - 5*r - k = 0, -5*u + 316 + 227 = 3*r. What is the tens digit of u?
1
Let j(v) be the third derivative of -11/6*v**3 - 6*v**2 + 0 + 0*v + 1/8*v**4. What is the units digit of j(5)?
4
Suppose -4*q + 4*u - 128 = 0, 3*q + 140 = -2*q + u. Let r(x) = -7*x + 9. What is the units digit of r(q)?
8
Suppose 0 = -5*m + 3*s + 3228, -3*s = -2*m + 76 + 1208. What is the hundreds digit of m?
6
Let g = 2430 - -50. Suppose 4*a - 12*a + g = 0. What is the tens digit of a?
1
Suppose -3*q - 69 = -r, 3*r - 370 = -4*q - 98. What is the tens digit of r?
8
Let j = 45 + -9. Suppose 0 = -38*y + j*y + 168. What is the tens digit of y?
8
Suppose 4*g = 4*v + 1884, 4*v - 161 + 2516 = 5*g. What is the tens digit of g?
7
Let k be (-2)/(-7) - 24/(-14). Suppose 4*q - 8 - 8 = 0. Suppose -q*t - k*t = -234. What is the tens digit of t?
3
Let j be (13 - -89) + 2*-1. Suppose j = -5*q + 6*q. What is the tens digit of q?
0
Suppose -4*h = 6*a - 2*a - 36, -2*h + 12 = -a. Suppose -t = -5*i - 27, -3*i - 54 = -t - h*i. What is the tens digit of t?
4
Suppose -2*g + 3*r + 152 = -419, -2*g + 5*r = -561. What is the tens digit of g?
9
Let b be 2/((0 + 1)*-1). Let h be 16/32*0/b. Suppose 4*s = -5*x - 3, -3*x + h*s = s - 1. What is the units digit of x?
1
Let n(h) = -3*h**3 - 15*h**2 + 34*h + 20. What is the thousands digit of n(-12)?
2
Suppose -3*m - x + 5202 = 0, -5*m + 3*x = -1820 - 6850. What is the tens digit of m?
3
Suppose 6*f = 4*f + 12. Suppose o - f*o - 130 = 0. What is the tens digit of (o/(-8))/((-3)/(-12))?
1
Suppose 6*r - 25 = r, 4*p + 5*r - 217 = 0. Let u be ((-2)/4)/((-1)/p). Suppose u = 5*s - 256. What is the units digit of s?
6
Let v(m) = 366*m - 308. What is the thousands digit of v(8)?
2
Let g = -71 + 71. What is the units digit of 1 - (g/(-1) + -31)?
2
Let k(t) = -2*t**2 + 58*t + 1101. What is the thousands digit of k(0)?
1
Suppose 5*s - 7946 = -2*d, 4*s + 3*d = d + 6356. What is the hundreds digit of s?
5
Let k(c) = 4*c - 4. Let r be k(3). Let x be 7 - 1/((-4)/r). Let u = 41 - x. What is the units digit of u?
2
Suppose -17*z + 35984 = -4*z. What is the units digit of z?
8
Let a(y) = -20*y + 21. Let w be a(-7). Let z = w - 74. What is the units digit of z?
7
Suppose -2*j + 92 = 2*x - 188, 4*x = 4*j - 560. What is the tens digit of j?
4
Let r(g) = -5*g**3 + 7*g**2 + 19*g + 17. What is the thousands digit of r(-8)?
2
Let m(y) = -y + 52. What is the tens digit of m(-22)?
7
Let y be (-10)/(-6)*(3 + 0). Suppose 3*q - 2*u = -26 - y, 3*u = q + 15. Let w = q + 15. What is the units digit of w?
6
Let h be 4/(2 + -4) - -132. Suppose c - 3*c = -h. What is the units digit of c?
5
Suppose -6*h = -22*h + 7472. What is the hundreds digit of h?
4
Let b = -4 + 5. Let h(d) = d**2 - d. Let u(p) = -28*p**3 + 2*p**2 - 5*p + 2. Let g(z) = 3*h(z) - u(z). What is the tens digit of g(b)?
2
Let g(p) be the second derivative of -p**3/3 + p**2 + 4*p. Let c be g(-13). Suppose -3*l - l - 2*i + c = 0, -l = -5*i - 7. What is the units digit of l?
7
Let m be (-7 + (-872)/16)*4/(-2). Suppose a = -3*w + 172, 3*a - m - 417 = 3*w. What is the units digit of a?
8
Let n be (9 + (-8 - -4))*1. Suppose 25 = i - 3*k - 62, 2*i - n*k = 169. Suppose -12*c = -11*c - i. What is the units digit of c?
2
What is the units digit of 730*(46/115)/((-6)/(-15))?
0
Let i(f) = 2*f**2 + 4*f - 3. Let h be i(1). Suppose 39 = h*s + 2*a, -9 = 2*a - 3. What is the units digit of s?
5
Suppose 3 = 3*q - 6. Let h(x) = -5*x - 7. Let a be h(q). Let t = a + 64. What is the units digit of t?
2
Suppose -7*p = -2*p - 25. Suppose 0 = 4*i - 3*i - p*a - 31, 4*i = a + 143. What is the units digit of i?
6
Let y = 4 + 4. Let z be 13 + y/4 + -4. Suppose -z = -4*h + 37. What is the units digit of h?
2
Suppose 6*h - 1126 = 140. What is the units digit of h?
1
Let g be 1 - (-6 - (-3 - 1)). Suppose -g*b + 1 + 5